f p - 3*p - p**2 - 3 + 3*p + 2*p. List the prime factors of c(-4).
11
Let d(w) = -w**2 - 12*w - 6. Let k be d(-11). Suppose -2*j + 4 = -4*j + 2*h, -3*j + k*h - 10 = 0. Suppose j = -4*t + 20 + 16. List the prime factors of t.
3
Suppose -58*u + 8317 + 37155 = 0. List the prime factors of u.
2, 7
Suppose 5*u - 90 = -u. Let d(o) = o**2 - 8*o + 10. What are the prime factors of d(u)?
5, 23
Let q(y) = -y**3 + 18*y**2 - 17*y + 20. What are the prime factors of q(11)?
2, 5, 17
Let j = 41 - 71. List the prime factors of (-3)/15 + (-396)/j.
13
Suppose 121*m - 346860 = 31*m. What are the prime factors of m?
2, 41, 47
What are the prime factors of 8685/(-6)*(-8)/12?
5, 193
Suppose 5558 = 5*r + 2*a, 5*r - 2700 = -3*a + 2862. List the prime factors of r.
2, 3, 5, 37
Let g = 27 + -12. Suppose g*x - 91 = 14*x. What are the prime factors of x?
7, 13
Suppose -3*n + 1053 = o, -2*o - n = -1924 - 167. List the prime factors of o.
2, 3, 29
Let q = 315 + -214. Let i = q - 58. List the prime factors of i.
43
Suppose -c - 3*l + 766 = 0, 2*l = 4*c - 7*c + 2326. What are the prime factors of c?
2, 389
Suppose -m - 3*s = 2*m - 2493, 1657 = 2*m + s. List the prime factors of m.
2, 7, 59
Let w be 4/(-12) + (2 - 22/6). List the prime factors of (0 - (w + 3))*-97.
97
Let i(a) = -8*a + 30. Let p(h) = -h - 18. Let j be p(-9). List the prime factors of i(j).
2, 3, 17
Let s(f) = 2*f**2 + 4*f + 2454. List the prime factors of s(0).
2, 3, 409
Let u(a) = 278*a - 5. List the prime factors of u(6).
1663
Let d(x) = x**2 + 11*x + 16. Let v be d(-9). Let j be (-230)/(-50) + v/(-5). Suppose -j*h + 112 = -3*h. List the prime factors of h.
2, 7
Suppose -42 = 5*r + r. List the prime factors of (-6)/(-2) + r + 117.
113
What are the prime factors of 34097/28 + 7/28?
2, 3, 7, 29
Suppose 3*y + 606 = g, -3*g - y = y - 1774. List the prime factors of g.
2, 3, 11
Let u be 43 + (-1)/(-1)*-3. What are the prime factors of -141*u/(-105) - (-4)/14?
2, 3
Let k be 2 + -1*(2 - 0). Let r be ((-2)/(-4))/(35/9730). Suppose 5*l - r - 66 = k. List the prime factors of l.
41
Let m(t) = -t**3 - 4*t**2 + 7*t + 12. Let l be m(-5). Suppose 3*w = -5*f - 2*w + 300, 0 = -2*f + l*w + 112. List the prime factors of f.
2, 29
Let a be (15 + -7)*5/2. Suppose -y = -22 - a. List the prime factors of y.
2, 3, 7
What are the prime factors of 5/(5/(-7)) + 1700?
1693
Let p = 753 + -301. What are the prime factors of p?
2, 113
Let g(f) = 4*f + 37. Let y be g(-8). What are the prime factors of y + -9 + 0 + 76 - 1?
71
Suppose 393*q = 386*q + 16422. What are the prime factors of q?
2, 3, 17, 23
Let o = -30 - -21. Let n be o - -8 - (-76)/2. Let i = 109 - n. List the prime factors of i.
2, 3
Suppose 6*d - 5*d = -5*w + 4847, -5*w + 29107 = 6*d. What are the prime factors of d?
2, 1213
Suppose 0 = 17*r - 2*r - 12510. List the prime factors of r.
2, 3, 139
Let u(z) = z**3 + 19*z**2 - 8*z. Let q be u(-20). Let d = -101 - q. What are the prime factors of d?
139
Let z = -57 - -196. List the prime factors of z.
139
Let m = -28 + 40. Suppose t + 0*t - m = 0. List the prime factors of (-8)/t - 159/(-9).
17
Let m = -54 - -21. What are the prime factors of 2/3 - 2123/m?
5, 13
Suppose 2*h = -2*h + 8. Let f = h + 42. List the prime factors of f.
2, 11
Let q = 5309 - 1829. What are the prime factors of q?
2, 3, 5, 29
Let s(k) = -k**2 + 5*k + 14. Let w be s(7). Suppose 4*t - 8*t + 268 = w. List the prime factors of t.
67
Suppose -5*p + 5*o + 10 = 0, -p - 3*o - 8 = -2*o. What are the prime factors of 6264/(-48)*4/p?
2, 3, 29
Let d = 2528 + -686. What are the prime factors of d?
2, 3, 307
What are the prime factors of -4 - 650/4*(13 - 17)?
2, 17, 19
Suppose -92 = 4*f + 28. What are the prime factors of ((-648)/f - 0)/((-4)/(-50))?
2, 3, 5
Suppose 0*y = -2*y + 168. Let c = y - 34. What are the prime factors of c?
2, 5
Let n(d) = -d**3 + 13*d**2 + 15*d + 5. Let g = 2 + 1. Suppose -8 = -m + g*v, -7*v + 2*v - 18 = -2*m. List the prime factors of n(m).
19
List the prime factors of 5270/20 - (-2)/4.
2, 3, 11
Suppose i + 17 = 5*h + 1, -12 = -3*h. Suppose 9*b = i*b - 30. List the prime factors of (-28)/b*(-6)/(-2).
2, 7
Let y(b) = -b + 5. Let c be y(-5). Suppose 0 = -3*d + 104 + 4. Suppose -c*n + 7*n + d = 0. What are the prime factors of n?
2, 3
Suppose 88 + 52 = y. Let z(n) = 139*n**2 + n + 4*n - y*n**2. What are the prime factors of z(4)?
2
What are the prime factors of 1327 - 9/72*0?
1327
Let p be (6/4)/((-15)/100). Let w(y) = -y**2 - 11*y + 20. List the prime factors of w(p).
2, 3, 5
Suppose -42*n + 62789 = -5*n. List the prime factors of n.
1697
Suppose 0 = 5*c, -2*o - 2*c - 8 = -6*o. Suppose 5*z = o*u + 16, 5*u + 12 = u. Suppose -b = 1, -5*i = -i - z*b - 138. What are the prime factors of i?
2, 17
Let r be 66/(-4) - 3/(-2). Let k be 8 + 2 + r/3. Suppose -2*y + 4*z + 2 + 18 = 0, -k*y + 26 = 2*z. What are the prime factors of y?
2, 3
Let g be (3 - 3)*(0 - -1). Suppose g*b = b. Suppose f + 5*p = 60, -7*f + 3*f - 3*p + 172 = b. List the prime factors of f.
2, 5
Suppose -r + 129 = -39. What are the prime factors of r?
2, 3, 7
Suppose -l + 6*l - 256 = 2*s, 0 = 3*l - 3*s - 150. Let o be (-98)/(-8) - (-1)/(-4). Let x = o + l. List the prime factors of x.
2
Let a = 62 + -6. Let o = 100 - a. List the prime factors of o.
2, 11
Let p(a) = -13*a + 20. Let q(l) = l. Let g(f) = -p(f) - 6*q(f). What are the prime factors of g(9)?
43
Let s = 480 + 1510. What are the prime factors of s?
2, 5, 199
Let h(a) = 76*a + 225. List the prime factors of h(8).
7, 17
Suppose -10*m = b - 13*m + 1060, 2*m - 3145 = 3*b. List the prime factors of b/(-5) + 9/(-3).
2, 103
What are the prime factors of (-1)/(-5) + (13 - (-73692)/90)?
2, 13
Suppose -3*m + 12 + 0 = 0. Suppose m*f = -3*i + 23, -8*i = -3*i - 3*f - 19. Suppose 0 = 4*j - 47 - i. What are the prime factors of j?
13
Let s(p) = -p + 7. Let h be s(5). Suppose 7*a + 34 = 48. Suppose 0 = a*z - c - 50, -h*c - 54 = -2*z + c. List the prime factors of z.
2, 3
Let a(c) = -c**2 - 22*c + 183. List the prime factors of a(-22).
3, 61
Let v(r) = r**2 + 5. Let i be v(0). Let q be 7/(7/2) + 2. Suppose -4*c - 188 = -i*a, -4*a = -2*a + q*c - 92. What are the prime factors of a?
2, 5
Suppose 0 = 5*i - l - 334, 3*i - 2*l - 206 = -7*l. Let u be 2/(-5) - i/(-5). Suppose u = g - 12. List the prime factors of g.
5
Suppose 0 = -58*i + 63*i. Suppose i = -7*x - 10*x + 2176. List the prime factors of x.
2
Let g(z) = z**2 - 11*z - 13. Let y be g(14). Let h = y + -8. List the prime factors of h.
3, 7
Let c be (-9)/(-6)*(-1606)/3. Let b = -570 - c. What are the prime factors of b?
233
Let f be (-8)/((-44)/(-21) - 2). Let o = -54 - f. What are the prime factors of o?
2, 3, 5
Let j = -616 + 1043. What are the prime factors of j?
7, 61
Let u(k) = -24*k. Let c(n) = 47*n - 1. Let x(d) = 3*c(d) + 5*u(d). Let p be x(-3). What are the prime factors of 519/11 - (-12)/p?
47
Let t = 166 - 163. Let o be 2/(-8) + 69/(-12). What are the prime factors of 110/4 + t/o?
3
Suppose 5*l + 33 = -2. Let h = 5 - l. Let z = h + -9. What are the prime factors of z?
3
Suppose -108264 = 127*i - 151*i. List the prime factors of i.
13, 347
Let d = -61 + 155. Let k = -38 + d. Suppose 0 = -14*i + 18*i - k. List the prime factors of i.
2, 7
Let s(b) = -3*b**3 - 20*b**2 + 17*b - 8. List the prime factors of s(-9).
2, 7, 29
Let o = 39 + -36. Suppose 165 = o*q + 60. What are the prime factors of q?
5, 7
Let m = -52 + 22. Let j = m + 49. List the prime factors of j.
19
Suppose z + 4*j - 75 = 0, 0 = -z - 3*j + 19 + 53. Suppose 0*b - z = -2*q - b, -138 = -5*q + 4*b. What are the prime factors of q?
2, 3, 5
Let c be (-6)/(-3)*(-33)/6. Let w = 57 + c. What are the prime factors of w?
2, 23
Let g be (-7 + -2)*(-6)/18. Let v(c) = 4*c**2 + 6*c + 3. Let s be v(-4). Suppose 4*m = -3*q + g*m + 65, s = 2*q + m. What are the prime factors of q?
2, 11
Suppose -2*c = c - v - 601, -c = -2*v - 197. Suppose 5*a + 4*r + 637 = 0, 4*a + c = 5*r - 284. List the prime factors of (8/(-10))/(2/a).
2, 5
Let y = 22 + -8. Let m = 22 - y. Suppose m = 5*f - 17. What are the prime factors of f?
5
Suppose -3*z = 2*h - 418, z + 426 = 3*h - h. What are the prime factors of h?
2, 53
Let s(o) be the third derivative of -3*o**4/2 + 3*o**3/2 - 2*o**2 - 14. What are the prime factors of s(-4)?
3, 17
Let a = 76 - -67. Suppose 